{"id":28753,"date":"2024-11-28T18:39:05","date_gmt":"2024-11-29T00:39:05","guid":{"rendered":"https:\/\/montexanic.mx\/tienda\/?post_type=product&#038;p=28753"},"modified":"2026-03-27T08:48:29","modified_gmt":"2026-03-27T14:48:29","slug":"gran-ricardo-30-aniversario","status":"publish","type":"product","link":"https:\/\/montexanic.mx\/tienda\/producto\/gran-ricardo-30-aniversario\/","title":{"rendered":"Gran Ricardo 30 Aniversario"},"content":{"rendered":"","protected":false},"excerpt":{"rendered":"<div class=\"gmail_default\">La grandeza es una aspiraci\u00f3n que pocos logran alcanzar, Monte Xanic lo ha hecho durante 30 a\u00f1os con Gran Ricardo.<\/div>\n<div class=\"gmail_default\">Un vino elegante de precisi\u00f3n enol\u00f3gica que combina tradici\u00f3n e innovaci\u00f3n.<\/div>\n<div class=\"gmail_default\">El cuidado meticuloso en la selecci\u00f3n de sus uvas, la obsesi\u00f3n por cuidar cada detalle en su proceso y el dominio sobre el desaf\u00edo de elaborarlo cada a\u00f1o nos demuestra que lo grande, con el paso del tiempo, se convierte en excepcional.<\/div>\n<div class=\"gmail_default\">Este estuche refleja la celebraci\u00f3n de treinta a\u00f1os de Gran Ricardo. El Gran, Gran vino de M\u00e9xico.<\/div>\n","protected":false},"featured_media":28769,"template":"","meta":{"inline_featured_image":false},"product_cat":[33,20],"product_tag":[],"class_list":{"0":"post-28753","1":"product","2":"type-product","3":"status-publish","4":"has-post-thumbnail","6":"product_cat-experiencias-mx","7":"product_cat-gran-ricardo","9":"first","10":"instock","11":"taxable","12":"shipping-taxable","13":"purchasable","14":"product-type-simple"},"bundled_by":[],"bundle_stock_status":"instock","bundle_stock_quantity":12,"bundle_virtual":false,"bundle_layout":"","bundle_add_to_cart_form_location":"","bundle_editable_in_cart":false,"bundle_sold_individually_context":"","bundle_item_grouping":"","bundle_min_size":"","bundle_max_size":"","bundle_price":[],"bundled_items":[],"bundle_sell_ids":[],"_links":{"self":[{"href":"https:\/\/montexanic.mx\/tienda\/wp-json\/wp\/v2\/product\/28753"}],"collection":[{"href":"https:\/\/montexanic.mx\/tienda\/wp-json\/wp\/v2\/product"}],"about":[{"href":"https:\/\/montexanic.mx\/tienda\/wp-json\/wp\/v2\/types\/product"}],"wp:featuredmedia":[{"embeddable":true,"href":"https:\/\/montexanic.mx\/tienda\/wp-json\/wp\/v2\/media\/28769"}],"wp:attachment":[{"href":"https:\/\/montexanic.mx\/tienda\/wp-json\/wp\/v2\/media?parent=28753"}],"wp:term":[{"taxonomy":"product_cat","embeddable":true,"href":"https:\/\/montexanic.mx\/tienda\/wp-json\/wp\/v2\/product_cat?post=28753"},{"taxonomy":"product_tag","embeddable":true,"href":"https:\/\/montexanic.mx\/tienda\/wp-json\/wp\/v2\/product_tag?post=28753"}],"curies":[{"name":"wp","href":"https:\/\/api.w.org\/{rel}","templated":true}]}}