{"id":34008,"date":"2025-05-14T12:13:46","date_gmt":"2025-05-14T18:13:46","guid":{"rendered":"https:\/\/montexanic.mx\/tienda\/?post_type=product&#038;p=34008"},"modified":"2026-01-01T00:00:12","modified_gmt":"2026-01-01T06:00:12","slug":"gran-ricardo-magnum-2021-personalizable","status":"publish","type":"product","link":"https:\/\/montexanic.mx\/tienda\/producto\/gran-ricardo-magnum-2021-personalizable\/","title":{"rendered":"Monte Xanic Gran Ricardo M\u00e1gnum 2021 personalizable"},"content":{"rendered":"","protected":false},"excerpt":{"rendered":"<p>El GRAN, GRAN vino de M\u00e9xico.<\/p>\n<p>La grandeza es una aspiraci\u00f3n, un camino que pocos logran alcanzar. Monte Xanic lo ha hecho con Gran Ricardo.<\/p>\n<p>El primer vino ultra premium mexicano celebra con una edici\u00f3n especial personalizable el D\u00eda del Padre. Con este vino creado bajo el<br \/>\nesp\u00edritu de orgullo y grandeza hoy rendimos un homenaje a los padres excepcionales de M\u00e9xico.<\/p>\n<p>A trav\u00e9s de una artista gr\u00e1fica, se podr\u00e1 plasmar el nombre o frase que refleje ese v\u00ednculo tan especial.<\/p>\n<p>Regala momentos con Gran Ricardo personalizado.<\/p>\n<p><strong>Variedad:<\/strong> 60% Cabernet Sauvignon, 30% Merlot y 10% Petit Verdot.<\/p>\n<p><strong>Presentaci\u00f3n:<\/strong> 1.5 L.<\/p>\n","protected":false},"featured_media":34010,"template":"","meta":{"inline_featured_image":false},"product_cat":[35,156],"product_tag":[],"class_list":{"0":"post-34008","1":"product","2":"type-product","3":"status-publish","4":"has-post-thumbnail","6":"product_cat-presentacion-clasica","7":"product_cat-producto-personalizable","9":"first","10":"instock","11":"taxable","12":"shipping-taxable","13":"purchasable","14":"product-type-simple"},"bundled_by":[],"bundle_stock_status":"instock","bundle_stock_quantity":null,"bundle_virtual":false,"bundle_layout":"","bundle_add_to_cart_form_location":"","bundle_editable_in_cart":false,"bundle_sold_individually_context":"","bundle_item_grouping":"","bundle_min_size":"","bundle_max_size":"","bundle_price":[],"bundled_items":[],"bundle_sell_ids":[],"_links":{"self":[{"href":"https:\/\/montexanic.mx\/tienda\/wp-json\/wp\/v2\/product\/34008"}],"collection":[{"href":"https:\/\/montexanic.mx\/tienda\/wp-json\/wp\/v2\/product"}],"about":[{"href":"https:\/\/montexanic.mx\/tienda\/wp-json\/wp\/v2\/types\/product"}],"wp:featuredmedia":[{"embeddable":true,"href":"https:\/\/montexanic.mx\/tienda\/wp-json\/wp\/v2\/media\/34010"}],"wp:attachment":[{"href":"https:\/\/montexanic.mx\/tienda\/wp-json\/wp\/v2\/media?parent=34008"}],"wp:term":[{"taxonomy":"product_cat","embeddable":true,"href":"https:\/\/montexanic.mx\/tienda\/wp-json\/wp\/v2\/product_cat?post=34008"},{"taxonomy":"product_tag","embeddable":true,"href":"https:\/\/montexanic.mx\/tienda\/wp-json\/wp\/v2\/product_tag?post=34008"}],"curies":[{"name":"wp","href":"https:\/\/api.w.org\/{rel}","templated":true}]}}